{"id":1415,"date":"2018-05-03T11:33:59","date_gmt":"2018-05-03T09:33:59","guid":{"rendered":"https:\/\/insic.de\/partnerportal\/?page_id=1415"},"modified":"2018-05-03T11:39:16","modified_gmt":"2018-05-03T09:39:16","slug":"dataprotection","status":"publish","type":"page","link":"https:\/\/insic.de\/partnerportal\/dataprotection\/","title":{"rendered":"Dataprotection"},"content":{"rendered":"<p>\u2013 Stand April 2018-<\/p>\n<p>Beachten Sie bitte, dass Sie diese Datenschutzbestimmungen auch \u00fcber die Druckfunktion Ihres Browsers zum sp\u00e4teren Lesen oder f\u00fcr Ihre Unterlagen ausdrucken k\u00f6nnen. Es besteht zudem die M\u00f6glichkeit, die Datenschutzbestimmungen herunterzuladen und auszudrucken oder zu einem sp\u00e4teren Zeitpunkt auf unseren Webseiten abzurufen.<\/p>\n<p>Die insic GmbH (nachfolgend \u201einsic\u201c genannt) nimmt die Verpflichtungen zum Datenschutz sehr ernst und gestaltet ihr Angebot so, dass nur so wenig personenbezogene Daten wie m\u00f6glich erhoben, verarbeitet und genutzt werden. Die Erhebung, Verarbeitung (umfasst die Speicherung, Ver\u00e4nderung, \u00dcbermittlung, Sperrung und L\u00f6schung) und Nutzung Ihrer Daten geschieht ausschlie\u00dflich unter Beachtung der geltenden datenschutzrechtlichen Vorschriften.<\/p>\n<p>Eine \u00dcbermittlung von Daten an Dritte erfolgt ausschlie\u00dflich f\u00fcr Zwecke des insic Altersverifikationssystems nach den gesetzlichen Vorgaben aus BDSG, DS-GVO, Gl\u00fcStV, JMStV, TMG, Gl\u00fccksspielG SH, RennwLottG und GWG, um Ihnen eine Teilnahme bei den an das System angeschlossenen Vertragspartnern der insic zu erm\u00f6glichen und Informationen mit Beschr\u00e4nkung zug\u00e4nglich zu machen. Ihre personenbezogenen Daten werden dar\u00fcber hinaus nicht an Dritte \u00fcbermittelt.<\/p>\n<p>Zugriff auf personenbezogene Daten haben nur solche Partner und Personen, die \u00fcber die gesetzlichen Bestimmungen zum Datenschutz informiert sind und sich verpflichtet haben, diese einzuhalten. Ein Zugriff auf die Daten erfolgt durch diese jeweils nur in dem Umfang, der f\u00fcr die Durchf\u00fchrung des Vertragsverh\u00e4ltnisses erforderlich ist.<\/p>\n<p>Die insic verpflichtet sich, soweit rechtlich und tats\u00e4chlich m\u00f6glich, die Nutzer zur Aus\u00fcbung ihrer Rechte nach Art. 12-22 DS-GVO zu unterst\u00fctzen. Dies betrifft insbesondere das Auskunftsrecht der Betroffenen, das Recht auf Berichtigung unrichtiger personenbezogener Daten, das Recht der Betroffenen auf L\u00f6schung ihrer personenbezogenen Daten sowie das Recht auf Einschr\u00e4nkung der Verarbeitung.<\/p>\n<p>Mit den nachfolgenden Bedingungen vereinbaren wir mit Ihnen, welche personenbezogene Daten wir erheben und wie wir die Daten verarbeiten und nutzen:<\/p>\n<p>A. Erhebung, Verarbeitung und Nutzung von Daten im Rahmen des Zugriffs auf die Internetseiten der insic als solche, ohne eine Registrierung vorzunehmen<\/p>\n<p>Mit dem blo\u00dfen Zugriff auf die Internetseiten als solche werden von uns nur die Daten erhoben, die uns von Ihrem Endger\u00e4t (z. B. Ihrem Browser) \u00fcbergeben werden. Dar\u00fcber hinausgehende Daten werden mit Ausnahme der zur eindeutigen Ger\u00e4teerkennung aus Ihrem Ger\u00e4t m\u00f6glicherweise generierten Ger\u00e4te-ID von uns weder auf unseren Seiten, noch auf Ihrem Rechner gespeichert. Diese Daten werden von unserem Server unmittelbar nach Entfernung eines Ger\u00e4tes durch Sie gel\u00f6scht, sofern diese gespeichert wurden. Eine Auswertung der Daten erfolgt ausschlie\u00dflich in anonymisierter Form und nur wenn und insoweit deren Nutzung gesetzlich erlaubt ist.<\/p>\n<p>B. Erhebung, Verarbeitung und Nutzung von Daten im Rahmen der von uns angebotenen und nachfolgend beschriebenen Leistungen:<\/p>\n<p>1. Alters- und Vollgesch\u00e4ftsf\u00e4higkeitsverifikation<\/p>\n<p>a) Datenerhebung und Daten\u00e4nderung<\/p>\n<p>Zu Beginn der Registrierung auf unseren Webseiten legen Sie zur Einrichtung Ihres Kundenzuganges eine E-Mailadresse und ein Passwort fest.<\/p>\n<p>Zu Zwecken der Alters- und Vollj\u00e4hrigkeitspr\u00fcfung sind folgende Daten erforderlich, die von insic je nach gew\u00e4hltem Pr\u00fcfverfahren erhoben werden: Anrede, Vorname, Nachname, Strasse, Hausnummer, PLZ, Ort, Land, Emailadresse, Geburtsort, Ausweiskopie und Geburtsdatum sowie ggf. Ihre Bankdaten (IBAN, BIC, BLZ, Kontonummer).<\/p>\n<p>Ja nach gew\u00e4hlter Art und Weise der Altersverifikation sind weitere Daten erforderlich, die zus\u00e4tzlich erhoben werden m\u00fcssen. Hierbei handelt es sich im Falle der Altersverifikation \u00fcber den Schufa Identit\u00e4tsCheck Premium und nur f\u00fcr den Fall, dass Sie innerhalb der letzten 12 Monate umgezogen sind, zus\u00e4tzlich um Ihre alte Adresse\/n (also jeweils vormalige Strasse, Hausnummer, PLZ, Ort). Sollten Sie ihr Mobiltelefon als \u201eSchl\u00fcssel\u201c zu altersbeschr\u00e4nkten Inhalten Dritter verwenden wollen, so ist zus\u00e4tzlich die Angabe Ihrer Mobiltelefonnummer erforderlich. Nach der Eingabe der Bankverbindung pr\u00fcfen wir diese z.B. mittels Schufa Kontonummerncheck oder \u00fcber Girosolution per GiropayID.<br \/>\nDurch das Eintragen Ihrer E-Mailadresse und\/oder Mobiltelefonnummer geben Sie uns Ihre EINWILLIGUNG, dass wir diese Kontaktdaten in unserer Datenbank speichern d\u00fcrfen, um mit Ihnen Kontakt aufnehmen zu k\u00f6nnen, soweit dies im Rahmen der Vertragsdurchf\u00fchrung erforderlich oder unter Beachtung datenschutzrechtlicher Vorschriften im \u00dcbrigen erlaubt ist. F\u00fcr die Einwilligung gilt nachfolgender Buchstabe F Einwilligung.<\/p>\n<p>Um Sie nach erfolgreicher Validierung bei jedem Zugang zu den geschlossenen Benutzergruppen der insic Vertragspartner eindeutig identifizieren zu k\u00f6nnen und mithin den Missbrauch durch Dritte durch Verwendung Ihrer Zugangsdaten so weit als m\u00f6glich zu verhindern, erhebt insic m\u00f6glicherweise weiterhin je nach der von Ihnen gew\u00e4hlten Zugriffsmethode weitere Daten \u00fcber die von Ihnen jeweils eingesetzte Hardware. Dies sind: Zugangsart (Mobiltelefon, PC, Settopbox); Zugangs- Ger\u00e4tename; eindeutige Ger\u00e4te-ID; bei Verwendung des Browser-plugins zus\u00e4tzlich: \u00f6ffentliche IP Adresse, interne IP-Adresse und Browserdaten.<\/p>\n<p>Zudem erfolgt optional, insoweit dies die eine gesetzliche Voraussetzung f\u00fcr die Nutzung des Angebotes des Vertragspartners von insic ist (so zum Beispiel bei der Abgabe von Spielscheinen \u00fcber das Internet nach Gl\u00fcStV), eine Ortspr\u00fcfung. Hierbei wird \u2013 soweit m\u00f6glich \u2013 \u00fcber die gewonnenen Hardwareinformationen eine Ortung durchgef\u00fchrt. Beispielsweise wird \u00fcber die verwendete IP-Adresse z.B. der Ort, das Bundesland oder das Land ermittelt.<\/p>\n<p>Der Nutzer hat die M\u00f6glichkeit seine personenbezogenen Daten online einzusehen und zu \u00e4ndern. Zudem besteht die M\u00f6glichkeit den \u00c4nderungswunsch \u00fcber Kontakt mit dem insic Support entweder per E-Mail an die Adresse: support (at) insic.de oder per Telefax an die Rufnummer +49 4102 607 6010-9 zu richten.<\/p>\n<p>b) Plausibilit\u00e4ts- und Doublettenpr\u00fcfung durch insic<\/p>\n<p>Nach Eingabe Ihrer Registrierungsdaten erfolgt optional eine Pr\u00fcfung der Adressdaten und (soweit erhoben) der Kommunikationsdaten auf Plausibilkit\u00e4t anhand einer bei insic gespeicherten und auch f\u00fcr Dritte frei zug\u00e4nglichen Datenbank mit Strassen- und PLZ Verzeichnissen.<\/p>\n<p>Parallel erfolgt eine Doublettenpr\u00fcfung der von Ihnen eingegebenen personenbezogenen Daten mit den gespeicherten Daten. Sind Sie bereits registriert oder ist ein anderes Datum bereits vergeben, erfolgt eine entsprechende Meldung oder Kontaktaufnahme mit Ihnen, z.B. per E-Mail.<\/p>\n<p>c) Pr\u00fcfung der Bankdaten<br \/>\nUm die von Ihnen angegebene Bankverbindung zu pr\u00fcfen, f\u00fchren wir eine einmalige \u00dcberweisung in H\u00f6he von 1-Cent auf das von Ihnen benannte Konto aus. Der im Buchungstext angegebene Sicherheitscode ist online einzugeben. Zudem f\u00fchrt die insic optional einen Schufa Kontonummern-Check durch.<\/p>\n<p>d) \u00dcbermittlung von personenbezogenen Daten an und von Dritten zu Altersverifikationszwecken<\/p>\n<p>Sie k\u00f6nnen w\u00e4hlen, welche Art der Altersverifikation durchgef\u00fchrt werden soll. Im Einzelnen bestehen nachfolgende M\u00f6glichkeiten:<\/p>\n<p>(i) Schufa Ident Check und optional Schufa Kontinummerncheck. Hierbei erfolgt die Validierung durch \u00dcbermittlung Ihrer Daten online \u00fcber das Internet an die Schufa. Um hier eine gr\u00f6\u00dftm\u00f6gliche Sicherheit zu bieten, \u00fcbermitteln wir Ihre Daten ausschlie\u00dflich verschl\u00fcsselt. Wir weisen jedoch darauf hin, dass es bei Daten\u00fcbertragungen im Internet einen 100 %igen Schutz nicht geben kann. Die durch insic gem\u00e4\u00df den oben genannten Verfahren vorvalidierten Daten (Name, Vorname, Adresse, Geburtsdatum, Kontonummer, Bankleitzahl werden gegen den Datenbestand der Schufa im Rahmen des Identcheck premium und des Kontonummer-Checks gepr\u00fcft. Eine Pr\u00fcfung erfolgt hier ausschlie\u00dflich auf Vollj\u00e4hrigkeit (eine R\u00fcckmeldung der Schufa erfolgt ausschlie\u00dflich dahingehend, ob Sie \u00fcber 18 Jahre alt sind), ihr genaues Alter oder Ihre Bonit\u00e4tsdaten werden hier nicht bei der Schufa abgefragt und nicht an insic \u00fcbermittelt.<\/p>\n<p>(ii) PostIdent Verfahren<br \/>\nIm Rahmen des Post Ident Verfahrens werden Ihre Daten in ein entsprechendes Formular \u00fcbernommen, welches Sie sodann von der insic Seite aus ausdrucken k\u00f6nnen, um das Verfahren in einer Postfiliale vor Ort durchzuf\u00fchren. Sobald insic das von der Post best\u00e4tigte Formular zur\u00fcckerhalten hat, ist die Altersverifikation erfolgt. Bei der online Variante des PostIdent Verfahren, dem E-PostIdent Verfahren, erfolgt die Pr\u00fcfung \u00fcber eine online angegebene E-Post Mailadresse die mittels online-Pr\u00fcfung bei der Deutschen Post validiert wird.<\/p>\n<p>(iii) Annahmestellen-Ident (ASTIdent) Verfahren<br \/>\nIm Rahmen des ASTIdent Verfahrens werden Ihre Daten in ein entsprechendes Formular \u00fcbernommen, welches Sie sodann von der insic Seite aus ausdrucken k\u00f6nnen, um das Verfahren in einer Annahmestellen oder Shop vor Ort durchzuf\u00fchren. Sobald insic das von der Annahmestelle best\u00e4tigte Formular zur\u00fcckerhalten hat, ist die Altersverifikation erfolgt. Die Annahmestellen werden von den jeweiligen Vertragspartnern zur Verf\u00fcgung gestellt.<\/p>\n<p>(iiii) GiropayID Verfahren<br \/>\nIm Rahmen des GiropayID Verfahrens werden Ihre Daten an Girosolution \u00fcbertragen und durch eine durch Sie aktiv ausgel\u00f6ste Transaktion mit Ihren Homebanking Zugang best\u00e4tigt.<\/p>\n<p>(iiiii) Weitere Verfahren<br \/>\nDie insic wird die Ausgestaltung der Kontrollverfahren in Zusammenarbeit mit ihren Partnern weiter ausbauen. Details zu weiteren Kontrollverfahren werden auf der insic Webseite erl\u00e4utert. Die Ausgestaltung der Pr\u00fcfverfahren unterliegt auch der gl\u00fccksspiel- und geldw\u00e4sche-rechtlichen Einordnung der Kontrollverfahren. Die konkrete Ausgestaltung der Prozesse f\u00fcr den User obliegt der jeweis angeschlossenen Partner-Plattform.<\/p>\n<p>2. \u00dcbermittlung der Validierungsdaten an Partner der insic<\/p>\n<p>Nach Validierung Ihrer Daten \u00fcber das insic \u2013 Verfahren, \u00fcbermitteln wir diese Eigenschaften und die Daten, die f\u00fcr Ihre eindeutige Identifizierung bei dem Partner erforderlich sind, an diesen. Dies unter der Voraussetzung, dass der Partner an das insic \u2013 System angeschlossen ist. Es werden hierbei folgende Daten an den Partner \u00fcbermittelt: Vorname, Nachname, Adresse, E-Mailadresse, Mobilnummer, Nachrichten, insic-Kundenstatus, Transaktionsstatus, Hashcodes aus Vorname+Nachname+Geburtsdatum, Kontonummer+Bankleitzahl und E-Mailadresse sowie die Eigenschaften Vollj\u00e4hrig und Sperrinformationen z.B. aus dem zentralen Spielersperrsystem OASIS. Die \u00dcbermittlung erfolgt aus Sicherheitsgr\u00fcnden verschl\u00fcsselt, wobei wir darauf hinweisen m\u00fcssen, dass bei Daten\u00fcbertragungen \u00fcber das Internet eine 100 % Sicherheit nicht gew\u00e4hrleistet werden kann.<\/p>\n<p>Es obliegt Ihnen, sich bei jedem unserer Partner anzumelden. Nur nach expliziter Best\u00e4tigung durch Sie erfolgt die \u00dcbertragung Ihrer Daten an einen anderen unserer Partner. Die \u00dcbertragung erfolgt lediglich unter der Ma\u00dfgabe der vorgeschriebenen \u00dcbertragbarkeit gem\u00e4\u00dft DS-GVO. F\u00fcr die Einwilligung gilt nachfolgender Buchstabe F.<\/p>\n<p>3. Selbstsperrung<\/p>\n<p>Sie k\u00f6nnen \u00fcber die insic-Kundenbetreuung z.B. aus Spielsuchtgr\u00fcnden eine Sperrung bzw. L\u00f6schung Ihres Zugangs verlangen. Mit diesem Verlangen beauftragen Sie insic, die Nutzung des Dienstes \u00fcber insic ggf. bei s\u00e4mtlichen Vertragspartnern der insic zu verhindern und zudem einen verschl\u00fcsselten digitalen anonymen Schl\u00fcssel zu erstellen und diesen auch \u00fcber die Beendigung des Vertrages mit insic hinaus oder f\u00fcr die Dauer der gesetzlich vorgesehenen Sperrfrist f\u00fcr Spiels\u00fcchtige bei insic zu speichern. Hierdurch wird sichergestellt, dass insoweit eine Neuanmeldung durch Sie bei insic oder einem insic Partner nicht mehr m\u00f6glich ist. Diese internen, anonymen und digitalen Schl\u00fcssel werden aus den folgenden personenbezogenen Daten von Ihnen erstellt: Vorname + Nachname + Geburtsdatum und separat die Emailadresse. Diese Schl\u00fcssel werden w\u00e4hrend ihrer Speicherdauer gegen jede Abfrage gegengepr\u00fcft. Die in dem Schl\u00fcssel enthaltenen Daten sind auch durch uns nicht r\u00fcckrechenbar (Hashcodes) und mithin anonym.<\/p>\n<p>4. Informationsdienste<\/p>\n<p>W\u00fcnschen Sie Informationen zu Neuigkeiten rund um unseren Service, so werden nur die hierf\u00fcr erforderlichen Daten von der Insic GmbH erhoben und gespeichert. Bei einem Versand per E-Mail ist dies Ihre E-Mail Adresse, bei einem Versand via SMS\/MMS Ihre Mobiltelefonnummer und bei einer Mitteilung \u00fcber Telefon, Ihre Festnetz- oder Mobiltelefonnummer. Sie k\u00f6nnen den Bezug der Informationsdienste jederzeit gegen\u00fcber der insic k\u00fcndigen. Insic selbst verschickt widerruflich keine Newsletter oder Marketing-Informationen.<\/p>\n<p>C. Daten\u00fcbermittlung innerhalb des Internetangebotes<\/p>\n<p>Wenn Sie innerhalb des insic Internetangebotes Seiten und Dateien abrufen und dabei aufgefordert werden, Ihre personenbezogenen Daten einzugeben, so erfolgt die Daten\u00fcbertragung \u00fcber das Internet unter Verwendung der SSL Technologie (Secure Socket Layer) verschl\u00fcsselt und so vor einer Kenntnisnahme durch Unbefugte weitestgehend gesch\u00fctzt. Wir weisen jedoch darauf hin, dass es bei Daten\u00fcbertragungen im Internet einen 100 %igen Schutz nicht geben kann.<\/p>\n<p>D. Datensicherheit<\/p>\n<p>insic h\u00e4lt die nach dem Bundesdatenschutzgesetz erforderlichen technischen und organisatorischen Ma\u00dfnahmen ein, die den Anforderungen des Datenschutzes gerecht werden. Das beauftragte Rechenzentrum befindet sich in Deutschland und erf\u00fcllt die Anforderungen aus der Zertifizierung nach ISO\/IOC 27001.<\/p>\n<p>E. Datenweitergabe an \u00f6ffentliche Stellen<\/p>\n<p>Eine Weitergabe der personenbezogenen Kundendaten an \u00f6ffentliche Stellen, wie Strafverfolgungsbeh\u00f6rden und Gerichte erfolgt ausschlie\u00dflich auf schriftliche Vorlage einer vollstreckbaren beh\u00f6rdlichen oder gerichtlichen Anordnung und\/oder nach Ma\u00dfgabe der geltenden Bestimmungen, soweit eine Verpflichtung hierzu besteht.<\/p>\n<p>F. Einwilligungen<\/p>\n<p>F\u00fcr den Fall, dass Sie uns eine Einwilligung zur Erhebung, Verarbeitung oder Nutzung Ihrer Daten erteilt haben, so weisen wir darauf hin, dass diese Einwilligung jederzeit widerruflich ist. Der Widerruf der Einwilligung ist entweder per E-Mail an die Adresse: support (at) insic.de zu richten oder per Telefax \u00fcber die Rufnummer +49 4102 607 6010-9 zu erkl\u00e4ren.<\/p>\n<p>G. Auskunftsrecht \/ L\u00f6schung von Daten<\/p>\n<p>Sie sind jederzeit berechtigt, kostenlos die zu Ihrer Person gespeicherten Daten einzusehen. Ein entsprechendes Auskunftsverlangen ist entweder per E-Mail an die Adresse support (at) insic.de oder per Telefax an die Rufnummer +49 4102 607 6010-9 an uns zu stellen und wird alsbald per E-Mail, wobei darauf hingewiesen wird, dass die \u00dcbertragung per E-Mail nicht sicher ist. Berechtigten L\u00f6schungs- oder Berichtigungsverlangen kommen wir unverz\u00fcglich nach.<\/p>\n<p>(i) insic ist berechtigt, personenbezogene Daten aus Datenschutzgr\u00fcnden jederzeit zu l\u00f6schen oder zu \u00fcberschreiben. Bei der L\u00f6schung werden pers\u00f6nliche Adress-Daten bestehend aus Vorname, Nachname, Strasse, Hausnummer, Ort, Kontonummer und Bankleitzahl in der Art \u00fcberschrieben, dass eine Verwendung oder R\u00fcckrechnung der Informationen ausgeschlossen ist. Dem User werden die gel\u00f6schten Datenfelder zur Person nach der Anmeldung auf www.insic.de zur pers\u00f6nlichen Kontrolle angezeigt. Der User akzeptiert, dass eine pers\u00f6nliche Ansprache nicht mehr m\u00f6glich ist.<\/p>\n<p>(II) Nach Beendigung des jeweiligen Vertrags- bzw. Nutzungsverh\u00e4ltnisses werden Ihre personenbezogenen Daten gel\u00f6scht, es sei denn, Sie haben sich ausdr\u00fccklich damit einverstanden erkl\u00e4rt, dass wir diese dar\u00fcber hinaus speichern. Von der L\u00f6schung ausgenommen sind solche Daten, hinsichtlich derer gesetzliche Aufbewahrungsfristen einzuhalten sind oder als anonymisierte Hashcodes gespeichert wurden.<\/p>\n<p>H. \u00c4nderungen der Datenschutzbestimmungen<\/p>\n<p>Die Insic GmbH beh\u00e4lt sich vor, insbesondere bei \u00c4nderungen ihrer Angebote und Leistungen und im Zuge der Entwicklung neuer technischer Sicherheitsstandards, diese Datenschutzbestimmungen zu \u00e4ndern.<\/p>\n<p>I. Datenschutzbeauftragter \/ Fragen und Anregungen zum Thema Datenschutz<\/p>\n<p>Der Datenschutzbeauftragter ist im Impressum unserer Webseiten genannt.<br \/>\nBei Anregungen und Fragen zum Datenschutz ist unser Datenschutzbeauftragter \u00fcber E-Mail unter der Adresse support at insic.de oder per Telefax unter der Rufnummer +49 4102 607 6010-9 zu erreichen.<\/p>\n<p>Unsere Datenschutzbestimmungen im .pdf-Format finden Sie <a href=\"https:\/\/insic.de\/wp-content\/uploads\/2018\/04\/20180420insic_Datenschutzbestimmungen.pdf\">hier<\/a><\/p>\n","protected":false},"excerpt":{"rendered":"<p>\u2013 Stand April 2018- Beachten Sie bitte, dass Sie diese Datenschutzbestimmungen auch \u00fcber die Druckfunktion Ihres Browsers zum sp\u00e4teren Lesen oder f\u00fcr Ihre Unterlagen ausdrucken k\u00f6nnen. Es besteht zudem die M\u00f6glichkeit, die Datenschutzbestimmungen herunterzuladen und auszudrucken oder zu einem sp\u00e4teren Zeitpunkt auf unseren Webseiten abzurufen. Die insic GmbH (nachfolgend \u201einsic\u201c genannt) nimmt die Verpflichtungen zum &hellip; <\/p>\n<p class=\"link-more\"><a href=\"https:\/\/insic.de\/partnerportal\/dataprotection\/\" class=\"more-link\"><span class=\"screen-reader-text\">\u201eDataprotection\u201c <\/span>weiterlesen<\/a><\/p>\n","protected":false},"author":43,"featured_media":0,"parent":0,"menu_order":0,"comment_status":"closed","ping_status":"closed","template":"","meta":{"inline_featured_image":false,"jetpack_post_was_ever_published":false,"footnotes":""},"class_list":["post-1415","page","type-page","status-publish","hentry"],"yoast_head":"<!-- This site is optimized with the Yoast SEO Premium plugin v27.3 (Yoast SEO v27.3) - https:\/\/yoast.com\/product\/yoast-seo-premium-wordpress\/ -->\n<title>Dataprotection - insic partner portal<\/title>\n<meta name=\"robots\" content=\"noindex, follow, max-snippet:-1, max-image-preview:large, max-video-preview:-1\" \/>\n<meta property=\"og:locale\" content=\"de_DE\" \/>\n<meta property=\"og:type\" content=\"article\" \/>\n<meta property=\"og:title\" content=\"Dataprotection\" \/>\n<meta property=\"og:description\" content=\"\u2013 Stand April 2018- Beachten Sie bitte, dass Sie diese Datenschutzbestimmungen auch \u00fcber die Druckfunktion Ihres Browsers zum sp\u00e4teren Lesen oder f\u00fcr Ihre Unterlagen ausdrucken k\u00f6nnen. Es besteht zudem die M\u00f6glichkeit, die Datenschutzbestimmungen herunterzuladen und auszudrucken oder zu einem sp\u00e4teren Zeitpunkt auf unseren Webseiten abzurufen. Die insic GmbH (nachfolgend \u201einsic\u201c genannt) nimmt die Verpflichtungen zum &hellip; \u201eDataprotection\u201c weiterlesen\" \/>\n<meta property=\"og:url\" content=\"https:\/\/insic.de\/partnerportal\/dataprotection\/\" \/>\n<meta property=\"og:site_name\" content=\"insic partner portal\" \/>\n<meta property=\"article:modified_time\" content=\"2018-05-03T09:39:16+00:00\" \/>\n<meta name=\"twitter:card\" content=\"summary_large_image\" \/>\n<meta name=\"twitter:label1\" content=\"Gesch\u00e4tzte Lesezeit\" \/>\n\t<meta name=\"twitter:data1\" content=\"12\u00a0Minuten\" \/>\n<script type=\"application\/ld+json\" class=\"yoast-schema-graph\">{\"@context\":\"https:\\\/\\\/schema.org\",\"@graph\":[{\"@type\":\"WebPage\",\"@id\":\"https:\\\/\\\/insic.de\\\/partnerportal\\\/dataprotection\\\/\",\"url\":\"https:\\\/\\\/insic.de\\\/partnerportal\\\/dataprotection\\\/\",\"name\":\"Dataprotection - insic partner portal\",\"isPartOf\":{\"@id\":\"https:\\\/\\\/insic.de\\\/partnerportal\\\/#website\"},\"datePublished\":\"2018-05-03T09:33:59+00:00\",\"dateModified\":\"2018-05-03T09:39:16+00:00\",\"breadcrumb\":{\"@id\":\"https:\\\/\\\/insic.de\\\/partnerportal\\\/dataprotection\\\/#breadcrumb\"},\"inLanguage\":\"de\",\"potentialAction\":[{\"@type\":\"ReadAction\",\"target\":[\"https:\\\/\\\/insic.de\\\/partnerportal\\\/dataprotection\\\/\"]}]},{\"@type\":\"BreadcrumbList\",\"@id\":\"https:\\\/\\\/insic.de\\\/partnerportal\\\/dataprotection\\\/#breadcrumb\",\"itemListElement\":[{\"@type\":\"ListItem\",\"position\":1,\"name\":\"Startseite\",\"item\":\"https:\\\/\\\/insic.de\\\/partnerportal\\\/\"},{\"@type\":\"ListItem\",\"position\":2,\"name\":\"Dataprotection\"}]},{\"@type\":\"WebSite\",\"@id\":\"https:\\\/\\\/insic.de\\\/partnerportal\\\/#website\",\"url\":\"https:\\\/\\\/insic.de\\\/partnerportal\\\/\",\"name\":\"insic partner portal\",\"description\":\"insic service portal for partner platforms\",\"potentialAction\":[{\"@type\":\"SearchAction\",\"target\":{\"@type\":\"EntryPoint\",\"urlTemplate\":\"https:\\\/\\\/insic.de\\\/partnerportal\\\/?s={search_term_string}\"},\"query-input\":{\"@type\":\"PropertyValueSpecification\",\"valueRequired\":true,\"valueName\":\"search_term_string\"}}],\"inLanguage\":\"de\"}]}<\/script>\n<!-- \/ Yoast SEO Premium plugin. -->","yoast_head_json":{"title":"Dataprotection - insic partner portal","robots":{"index":"noindex","follow":"follow","max-snippet":"max-snippet:-1","max-image-preview":"max-image-preview:large","max-video-preview":"max-video-preview:-1"},"og_locale":"de_DE","og_type":"article","og_title":"Dataprotection","og_description":"\u2013 Stand April 2018- Beachten Sie bitte, dass Sie diese Datenschutzbestimmungen auch \u00fcber die Druckfunktion Ihres Browsers zum sp\u00e4teren Lesen oder f\u00fcr Ihre Unterlagen ausdrucken k\u00f6nnen. Es besteht zudem die M\u00f6glichkeit, die Datenschutzbestimmungen herunterzuladen und auszudrucken oder zu einem sp\u00e4teren Zeitpunkt auf unseren Webseiten abzurufen. Die insic GmbH (nachfolgend \u201einsic\u201c genannt) nimmt die Verpflichtungen zum &hellip; \u201eDataprotection\u201c weiterlesen","og_url":"https:\/\/insic.de\/partnerportal\/dataprotection\/","og_site_name":"insic partner portal","article_modified_time":"2018-05-03T09:39:16+00:00","twitter_card":"summary_large_image","twitter_misc":{"Gesch\u00e4tzte Lesezeit":"12\u00a0Minuten"},"schema":{"@context":"https:\/\/schema.org","@graph":[{"@type":"WebPage","@id":"https:\/\/insic.de\/partnerportal\/dataprotection\/","url":"https:\/\/insic.de\/partnerportal\/dataprotection\/","name":"Dataprotection - insic partner portal","isPartOf":{"@id":"https:\/\/insic.de\/partnerportal\/#website"},"datePublished":"2018-05-03T09:33:59+00:00","dateModified":"2018-05-03T09:39:16+00:00","breadcrumb":{"@id":"https:\/\/insic.de\/partnerportal\/dataprotection\/#breadcrumb"},"inLanguage":"de","potentialAction":[{"@type":"ReadAction","target":["https:\/\/insic.de\/partnerportal\/dataprotection\/"]}]},{"@type":"BreadcrumbList","@id":"https:\/\/insic.de\/partnerportal\/dataprotection\/#breadcrumb","itemListElement":[{"@type":"ListItem","position":1,"name":"Startseite","item":"https:\/\/insic.de\/partnerportal\/"},{"@type":"ListItem","position":2,"name":"Dataprotection"}]},{"@type":"WebSite","@id":"https:\/\/insic.de\/partnerportal\/#website","url":"https:\/\/insic.de\/partnerportal\/","name":"insic partner portal","description":"insic service portal for partner platforms","potentialAction":[{"@type":"SearchAction","target":{"@type":"EntryPoint","urlTemplate":"https:\/\/insic.de\/partnerportal\/?s={search_term_string}"},"query-input":{"@type":"PropertyValueSpecification","valueRequired":true,"valueName":"search_term_string"}}],"inLanguage":"de"}]}},"jetpack_shortlink":"https:\/\/wp.me\/P8BTxj-mP","jetpack_sharing_enabled":true,"_links":{"self":[{"href":"https:\/\/insic.de\/partnerportal\/wp-json\/wp\/v2\/pages\/1415","targetHints":{"allow":["GET"]}}],"collection":[{"href":"https:\/\/insic.de\/partnerportal\/wp-json\/wp\/v2\/pages"}],"about":[{"href":"https:\/\/insic.de\/partnerportal\/wp-json\/wp\/v2\/types\/page"}],"author":[{"embeddable":true,"href":"https:\/\/insic.de\/partnerportal\/wp-json\/wp\/v2\/users\/43"}],"replies":[{"embeddable":true,"href":"https:\/\/insic.de\/partnerportal\/wp-json\/wp\/v2\/comments?post=1415"}],"version-history":[{"count":2,"href":"https:\/\/insic.de\/partnerportal\/wp-json\/wp\/v2\/pages\/1415\/revisions"}],"predecessor-version":[{"id":1419,"href":"https:\/\/insic.de\/partnerportal\/wp-json\/wp\/v2\/pages\/1415\/revisions\/1419"}],"wp:attachment":[{"href":"https:\/\/insic.de\/partnerportal\/wp-json\/wp\/v2\/media?parent=1415"}],"curies":[{"name":"wp","href":"https:\/\/api.w.org\/{rel}","templated":true}]}}